ded by ((-48)/40)/((-3)/55) + 0?
10
Let t = -47 - -43. Calculate the remainder when 5 is divided by -3 + (-3 - -11) - (-12)/t.
1
Suppose -24 - 166 = -5*j. Calculate the remainder when 189 is divided by j.
37
Let m(g) = 16*g**2 - 5*g - 7. What is the remainder when m(3) is divided by 25?
22
Suppose 138*y = 143*y - 260. Let m = 13 + -2. Calculate the remainder when y is divided by m.
8
Let i(c) = 21*c**2 - 3. Suppose 4*z - 14 = 3*w, 4*w + 3*z = -z. What is the remainder when i(w) is divided by 7?
4
Let s = 66 - 5. Suppose 2*t - 10 = 0, -2*o = -6*o - t + s. Let w(d) = 2*d**2 - 65*d + 71. What is the remainder when w(32) is divided by o?
11
Suppose 5*w - 5*i - 744 = -9*i, 3*w + 5*i - 449 = 0. Calculate the remainder when w is divided by 80.
68
Let u(t) = -t**2 - 40*t + 54. Calculate the remainder when u(-37) is divided by 28.
25
Let f = -15 - -30. Let y = -45 - -52. Suppose -12*v + y*v = -210. Calculate the remainder when v is divided by f.
12
Let t(r) = -r**3 + 31*r**2 - 34*r + 135. What is the remainder when 372 is divided by t(30)?
12
Let g(r) = r**2 + 1. Let w be g(6). Let u be (-35*15/(-35))/((-3)/4). Let i = w + u. What is the remainder when i is divided by 9?
8
Let o(u) = 32*u - 2. Let x be o(2). Suppose 0*r - 5*r = 2*f - 56, f + x = 5*r. Let d(h) = -22*h - 591. What is the remainder when d(-29) is divided by r?
11
Suppose 0 = -l + 8*l - 266. Let k = 44 - l. What is the remainder when 10 is divided by k?
4
Let t(s) = -s**2 + 13. Suppose l - 6 - 44 = 0. What is the remainder when l is divided by t(0)?
11
Suppose 0*w + 5*w + 3*g = -64, -2*g = -4. What is the remainder when w + 27 + 1 + 0 + 2 is divided by 6?
4
Suppose 4*c + 282 = 3*v, -2*v - 3*c + 90 = -81. Suppose v = 4*d + 34. Calculate the remainder when (549/(-366))/((-2)/36) is divided by d.
13
What is the remainder when (2 - (-146 + -1)) + -4 is divided by 52?
41
Suppose 84 = 13*s - 46. Calculate the remainder when s is divided by 5.
0
Let g be ((-34)/4)/(1/(-2)). Let j(o) = -o**2 + 23*o - 15. Calculate the remainder when j(g) is divided by 18.
15
Let c(b) = -13*b**2 - 4*b + 55. Let t(s) = 3*s**2 + s - 14. Let k(m) = 2*c(m) + 9*t(m). What is the remainder when 17 is divided by k(4)?
1
Suppose -x - 5*t + 102 = 0, -x - 3*t = 3*x - 340. What is the remainder when x is divided by 31?
20
Suppose 9 = -w - 4*y + 38, 2*w = -5*y + 55. What is the remainder when 116*21/33 + (-8)/(-44) is divided by w?
24
Suppose t = g + 5, -1 = 3*g + 2. Suppose -t*z - 3*a + 30 = 0, 6*z - 4*a = z + 22. Let w(y) = y**2 + 4*y + 3. What is the remainder when z is divided by w(-4)?
0
What is the remainder when 31 + -3 + (-30)/6 - -7 is divided by 16?
14
Suppose -2 = -f + 4*m, 16 = -4*f - 3*m + 5. What is the remainder when 44 is divided by (-3 + (-5)/f)*-30?
14
Let u(c) = -8 - 29*c - 20 + 32*c. What is the remainder when 47 is divided by u(12)?
7
Let d(i) = 2*i**3 + 21*i**2 + 18*i - 1. Let s be (1/2)/((-2)/36). What is the remainder when d(s) is divided by 21?
17
Let v(c) = c**2 - 4*c + 13. Suppose -18 = -t + 4*w, 5*w = t - 27 + 6. What is the remainder when 174 is divided by v(t)?
24
Let q(y) = -31*y - 19. What is the remainder when 57 is divided by q(-1)?
9
Calculate the remainder when 36 is divided by (-7)/(((-39)/12)/13).
8
Suppose 4*y = y. Suppose 3*n + 2*i - 50 = y, -n + 3*i - 8*i + 8 = 0. What is the remainder when (-15436)/(-221) + 4/26 is divided by n?
16
Let s(a) be the third derivative of a**4/12 - 3*a**3/2 + 3*a**2. Let b be s(7). What is the remainder when 66 is divided by 114/b + (-2)/(-10)?
20
Let o(z) = -2*z - 9. Let k(c) = c**3 - 10*c**2 - 11*c - 7. Let y be k(11). Calculate the remainder when o(y) is divided by 0 + 4/(-2) + 5.
2
Calculate the remainder when 8 is divided by 438/60 - 6/20.
1
Let a be 2*(-3)/24 - 36/(-16). Calculate the remainder when (-2 - 42)*((-15)/6 + a) is divided by 4.
2
Let d(f) = 2*f**2 + 5*f + 4. Let z be d(-2). Let m(n) = -n**3 + 5*n**2 + 7*n. Let h be m(6). Calculate the remainder when 9 is divided by z*(2 + (-3)/h).
0
Let n(p) = -20*p - 30. Let b be n(9). Let c = -127 - b. What is the remainder when c is divided by 29?
25
Suppose 336 = 4*k - 2*x, 5*k + 5*x - 6*x - 414 = 0. What is the remainder when k is divided by 25?
7
Suppose 2*b - 4 = -5*q - 29, -4*b - 25 = 5*q. Suppose b = 78*i - 73*i - 65. Calculate the remainder when 47 is divided by i.
8
Let l = -2 - -10. What is the remainder when 71 is divided by l?
7
Let c = 93 + -43. Suppose 0 = 5*g - 5*b - c, -b = -4*g + 6 + 34. Calculate the remainder when g is divided by 3/(-6)*12/(-1).
4
Let c = 366 + -314. What is the remainder when 777 is divided by c?
49
Suppose 2*l = -5*q + 125, -1 + 11 = 2*q. Suppose 0 = 4*t - 71 + 55. What is the remainder when l is divided by t?
2
Let z(y) = -7*y + y**2 - 10 + 8*y - 9*y. Calculate the remainder when z(11) is divided by 12.
11
Calculate the remainder when (-256)/(-14) + (440/(-77))/20 is divided by 12.
6
Let g(j) = 4*j + 41. Let i be g(-17). Let r = i + 111. What is the remainder when r is divided by 22?
18
Let u(b) = -125*b - 209. Suppose -4*x = -7*x + 42. Calculate the remainder when u(-2) is divided by x.
13
Let c = 305 - 243. Calculate the remainder when c is divided by 25.
12
Let f = 11 + -8. Suppose -f*y = -3*g + 27, 0*g = 5*g - y - 29. Suppose -35 = -2*t + 5*c - 10*c, -3*c = -g*t + 72. What is the remainder when 57 is divided by t?
12
Let j(s) = 9*s - 15. Let p be j(16). Let h = 58 + 28. Let v = p - h. What is the remainder when v is divided by 11?
10
Suppose -c + o - 2*o = -8, 3*c = o + 28. Suppose -q + 4*q = -3*z + 15, -c = -3*q. Calculate the remainder when 41 is divided by z/(-10) + 76/5.
11
Suppose 6*i - 9 = 9. Let c(j) = 4*j - 6. Let d be c(i). What is the remainder when 3 is divided by (-3 + 0)*(-4)/d?
1
Suppose 0 = a + 2*k - 13, -5*a - k = -9*a + 7. Suppose a*c - 15 = 0, -x + 9 + 60 = 2*c. Calculate the remainder when x is divided by 0/((-1)/1) + 20.
19
Let g = 618 - 424. What is the remainder when g is divided by 101?
93
Let d(s) = s**3 - s**2 - 2*s - 1. Let h be d(-2). Let k(x) = -7 + 3*x - 2 + 2 - 7*x. What is the remainder when k(h) is divided by 15?
14
What is the remainder when (-151)/(-2) + 2/(-4) is divided by (6/4)/((-648)/288) - (-122)/3?
35
Let c(j) = -3*j - 1 - 3 + 2*j. Suppose 0 = 27*l - 23*l - 12. Calculate the remainder when c(-7) is divided by l.
0
Let p(q) be the second derivative of q**5/20 - 5*q**4/12 + 7*q**3/6 - 3*q**2 + 28*q. Let d be 9/2 + 1/(-2). What is the remainder when 23 is divided by p(d)?
5
Let s = -198 + 236. What is the remainder when 37/(-4*3/(-24)) is divided by s?
36
What is the remainder when (-4)/(-12)*(466*45)/10 is divided by 54?
51
Let l(p) = 4*p**2 + 5*p + 3. What is the remainder when 76 is divided by l(-2)?
4
Let j be 7/((-14)/(-12))*1. Let c = -425 + 429. Suppose -j*v = -c*v - 10. Calculate the remainder when 7 is divided by v.
2
Suppose 2*g - 22 = -0*g. Suppose -2*q + 167 = 3*i, 5*q = i + 434 - 59. Suppose 67*l = 63*l + q. Calculate the remainder when l is divided by g.
8
Let w(n) = -24*n + 5. Let f(d) = -d**2 + 9*d + 18. Calculate the remainder when w(-3) is divided by f(10).
5
Suppose 3*l = -0*l + 327. Suppose 51*m - 80 = 43*m. What is the remainder when l is divided by m?
9
Suppose 4*t + 5*h = -205, 229 = -0*t - 4*t + 3*h. Let o = -39 - t. Calculate the remainder when 62 is divided by o.
14
Suppose 4*j + 4*j = 144. Let n(q) = -q - 18 + 26*q + 6 + 5. Calculate the remainder when n(3) is divided by j.
14
Let c(k) = 20*k - 61. What is the remainder when c(6) is divided by 31?
28
Suppose 89 + 31 = 10*a. Calculate the remainder when a is divided by 10.
2
Let c = 80 - -91. Suppose -6*p + 3*p = -c. Calculate the remainder when p is divided by 15.
12
Suppose 0 = 5*f - 25*t + 21*t - 318, 5*f + 2*t = 306. Calculate the remainder when f is divided by 6.
2
Let r(w) = w**3 - 8*w**2 + 7*w - 3. Let k be r(6). Let j = -22 - k. Let d(y) = 20*y**3 + y**2 - 1. Calculate the remainder when d(1) is divided by j.
9
Let i = 62 - -27. Let d = i + 50. Calculate the remainder when d is divided by 20.
19
Let j(u) = -3*u - 69. Let y be j(-23). Suppose 3*h + 3*b - 216 = y, -3*h + 204 = -0*b - b. Calculate the remainder when h is divided by (-96)/(-2)*1/2.
21
Let k be 3 + -4 + 146 + -4. Let g = 200 - k. What is the remainder when g is divided by 16